, 4*z + 4 = 0. What is the units digit of p?
8
Let k = -5 - -6. Suppose 0 = -c + 3 + k. What is the units digit of c?
4
Suppose -5*q = 5*k - 55, -4 = -2*q + 3*k - 2. What is the units digit of q?
7
Suppose 3 + 11 = r. Suppose r = -0*v + v. What is the units digit of v?
4
Suppose -54 = -2*b + 220. What is the hundreds digit of b?
1
Let o(z) = 2*z + 4 - z**3 - 7*z + 9*z**2 - 3*z. Let a be o(8). Suppose -4 = a*b - 16. What is the units digit of b?
3
Let f(t) = -t**3 + 7*t**2 + t - 7. Let o be f(7). Suppose -l + 26 = 3*j, j - 13 = -o*l + 4*l. What is the units digit of j?
9
Suppose -4*x + 3*i = -48, -5*i = -0*i + 20. What is the units digit of x?
9
Let l(x) = 31*x**2 - 3*x - 2. What is the tens digit of l(-1)?
3
Suppose 4*v = -2*j - 6, 2*j - 3*v = v + 26. Suppose 4 = -2*g - 4*t, 4*g - j*t = 14 + 17. Let s(f) = f**3 - 5*f**2 + 6*f - 4. What is the units digit of s(g)?
4
Let c be (-2 + 24/21)*-7. Let z(x) = x**3 - 7*x**2 + 6*x - 1. Let b be z(c). What is the units digit of b*(6/(-1) - 0)?
6
Let f(r) = -4*r - 2. Let n be ((-6)/(-5))/((-8)/(-20)). Suppose -3*l = -2*u - 4, 0 = -n*l - u - u - 16. What is the units digit of f(l)?
6
Let y be 4/14 - 65/7. What is the units digit of 1 + 14 + y/3?
2
Suppose 3*a - 50 = 2*i, -a - 35 = -3*a + i. Let h be (36/(-10))/((-3)/a). Let k = h + -17. What is the units digit of k?
7
Let y = 9 - -61. Suppose -3*i = i + 2*f - y, 2*f = -10. What is the units digit of i?
0
Suppose 8*f = 3*f - 235. Let r = f + 69. What is the units digit of r?
2
What is the units digit of 4/(12/(-9)) - -40?
7
Suppose 5*c + 0 = 65. What is the units digit of c?
3
Let o = 4 + -3. Let u be o/3 + 58/6. Suppose 0 = c + c - u. What is the units digit of c?
5
Suppose -r = -3*w + 13, 0*r = -2*r + 10. Suppose -c = -w*c - 90. What is the units digit of ((-34)/3)/(12/c)?
7
Let g be -32 + 2/((-2)/2). Let v = 47 + g. What is the tens digit of v?
1
Suppose -n + 19 = 5*c, c + c = -n + 10. Suppose 4*x - 2*x - 20 = 0. Let p = x - c. What is the units digit of p?
7
Let s = -76 + 148. What is the units digit of s?
2
Let w = 8 - 5. Let t(x) = -1 - 3*x - 2*x + 6*x. What is the units digit of t(w)?
2
Let c(m) = m**3 + m**2 + 2*m + 3. Let q be c(-2). Let l = q + 10. What is the units digit of l?
5
Suppose o = -2*j + 46, 2*o + 4*j = o + 54. What is the units digit of o?
8
Suppose -5*a + 189 = -3*c, -5*a + 134 + 52 = -2*c. What is the units digit of a?
6
Let a(n) = -n**2 - 12*n - 4. Let y(s) = -9*s - 1. Let g be y(1). What is the tens digit of a(g)?
1
Let x be (1/(-3))/((-1)/3). Let l(b) = 25*b**2 + b - 1. Let y be l(x). What is the tens digit of (-4)/(-10)*(y + 0)?
1
Let b(i) = 10*i**2. Let m be b(-1). Suppose 3*s - m = 2*s. What is the units digit of s?
0
Let y(a) = -15*a. Let n be y(-7). Suppose 0 = 3*p - 3 - n. What is the units digit of p?
6
Suppose -6*t = -376 - 410. What is the hundreds digit of t?
1
Let a(f) = -18*f. Let d be a(-2). Suppose -6*t + d = -0*t. What is the units digit of t?
6
Suppose -2*o + 3*o - 2 = 0. Suppose 0 = 5*w - 3*c - 94, -c = -0*c - o. What is the tens digit of w?
2
Suppose -6*p = -2*p - 3*i - 489, 3*i = 3*p - 366. What is the hundreds digit of p?
1
Suppose 3*b = 3 + 6. Let d = -10 + 12. Suppose 0 = -h + d*f + 2*f - 7, -h + 21 = b*f. What is the units digit of h?
9
Suppose -3*n + 5*d = -5*n - 6, 3*d = -12. Let p(m) = m**2 + 2*m - 3. Let b be p(-3). Let l = b + n. What is the units digit of l?
7
Suppose -m + 11 = -5*v, 3*m = -3*v - 0*v + 15. Let y be m + (-4)/(2/1). Suppose 0 = -2*r + y, 0*a + 24 = a + 3*r. What is the units digit of a?
8
Let j be (6/(-5))/((-8)/20). What is the units digit of 6 + j*(-1 - -2)?
9
Let o = 4 - 2. Suppose 4*w = -y + 20, -3*w + 22 = -y - 0*y. Suppose w = 4*g + s - 6, o*s - 10 = -g. What is the units digit of g?
2
Suppose -l + 52 = 2*o + 3*l, 3*o - 34 = 5*l. What is the tens digit of o?
1
Let v(x) = -x + 18. What is the tens digit of v(8)?
1
Let r(g) = g**3 - 2*g**2 - g - 4. Let i be r(3). Suppose i*l = -y - 1 - 9, 5*l + 14 = 3*y. What is the units digit of (1 - -1)*(-22)/l?
1
Let r be 2/(-8) + (-121)/44. Let n = r + 39. What is the tens digit of n?
3
Suppose 0*y = -2*y + 16. Let p be 4/y + (-2)/4. Suppose -3*x + 3*c = p, -2*c + 0 = -5*x + 3. What is the units digit of x?
1
Let j be 16/6*(-1 + 13). Let a be -1 + (-6 - -3)/(-3). Suppose -4*v + j = 4*z, -v = -a*z - 5*z + 34. What is the units digit of z?
7
Suppose v - 3*b = 2*v - 35, v - 39 = -2*b. What is the units digit of v?
7
Let b(r) be the first derivative of r**3/3 - 3*r**2/2 + 3*r - 4. Let i = -11 - -16. What is the units digit of b(i)?
3
What is the units digit of (5 - 4)/(3/69)?
3
Let k be (-6)/21 - 69/(-21). Let p be (-539)/(-35) + k/5. Suppose -3*v = -2*n + p, 5*n + 11 = v + 38. What is the units digit of n?
5
What is the tens digit of 13*13 - (-5 - -6)?
6
Let y be 12 + (-7 - -4) + 4. Suppose -2*j - 3*j + l = -43, -j - 2*l + y = 0. What is the units digit of j?
9
Suppose 0 = 2*q + 36 + 18. Let r = 53 + q. What is the tens digit of r?
2
Let t be (-6)/8 + 165/12. Let p = 22 - t. What is the units digit of p?
9
What is the tens digit of 2*2 + 88/2?
4
Suppose 5*c = 2*o + 758, -5*c - 3*o + 30 = -733. What is the tens digit of c?
5
What is the units digit of ((-60)/(-75))/(2/50)?
0
Let w be ((-6)/(-9))/((-1)/(-3)). Let t be (w/5)/(1/10). What is the tens digit of (t/(-10))/((-2)/60)?
1
Let t be (1 - 1) + -1 + -1. Let i be 19*1/t*2. Let f = -12 - i. What is the units digit of f?
7
Let d(z) = -2*z**2 + 15*z - 4. Let h be d(6). Let s = 0 + h. What is the units digit of s?
4
Let c = -58 - -34. What is the tens digit of (-80)/24*c/5?
1
Suppose t - 5*b - 25 = -2*t, 5*t + 10 = -2*b. Let z(j) = j**2 - 1. Let w be z(-2). Suppose w*x - 23 - 25 = t. What is the tens digit of x?
1
Let v(j) = -3*j**3 - 5*j**2 - 3*j + 3. What is the tens digit of v(-3)?
4
Suppose 24*n = 21*n + 234. What is the units digit of n?
8
Let j(y) = 44*y. Let h be j(1). Suppose -30*o - h = -31*o. What is the units digit of o?
4
Let q be (-34)/(-12) + (-8)/(-48). Suppose -q = -11*c + 8*c. What is the units digit of c?
1
Suppose 2*o - 5*o + 3 = 0. Let d(u) = 24*u**3 - u**2 - u + 1. Let w be d(o). Suppose -3*n + 46 + w = 0. What is the tens digit of n?
2
Let c(f) = -f**3 - 11*f**2 - 9*f + 11. Let d be c(-10). What is the tens digit of d*(-81)/(-6)*2?
2
Let q be (-8)/(-2) + (0 - -1). Suppose -q*g - 5*f + 25 = 0, 2*f - 2 = 5*g + 1. What is the units digit of g?
1
Suppose -5*x + k = -0*k + 11, -x - 3*k = -1. Let a be -6 - -8 - 3*1. What is the units digit of 7 + x - a/(-1)?
4
Suppose -2*u + 11 = -19. Let f be (8/10)/((-6)/u). What is the units digit of -2 + 18 + -1 + f?
3
Let l = -2 - 2. What is the units digit of (-90)/l*20/25?
8
Suppose 4*b - 4*t = -9*t + 59, -5*b + 4*t + 125 = 0. What is the tens digit of b?
2
Let z = -26 + 16. Suppose -q - 100 = -6*q. Let f = q + z. What is the units digit of f?
0
Let r = -5 - -7. Suppose -r*m = -1 - 1. Suppose -m - 2 = -b. What is the units digit of b?
3
Let y(t) = t + 6. Let p be y(-5). What is the tens digit of p + 24 + -1 + 0?
2
Suppose 4*w - 520 = -4*p + 2*p, 4*w - 2*p - 536 = 0. What is the tens digit of w?
3
Let b(s) = s**3 + 9*s**2 + 7*s - 4. Suppose 4 = -2*k - 4, -l - 5*k = 3. Suppose 2*z + 3*o + l = 2*o, o = -1. What is the units digit of b(z)?
4
Let l be 2*((-6)/(-4))/3. Suppose 2*k - 5*f = l, 4*k + 6*f - f - 17 = 0. Suppose 2*n = -k*o + 8, -3 = -3*o + 5*n - 2. What is the units digit of o?
2
Let r(d) = -d**2 - d + 6. Let n be r(0). Suppose -3*g + u = 4*u - n, 0 = u. What is the units digit of ((-3)/(-6))/(g/20)?
5
Let v(f) = f - 2. Let q(k) = -k**3 + 6*k**2 - 4*k - 3. Let y be q(5). Suppose 0*h = 3*h - 2*r - y, 5*r - 41 = -4*h. What is the units digit of v(h)?
2
Let g = -30 - -49. What is the tens digit of g?
1
Let p = 8 + -5. Suppose -3*x - 1 = -l, 3*x + p = x + 3*l. What is the units digit of -3 - -6 - (x + 2)?
1
Let s = -3 - 1. Let w = -2 - s. What is the units digit of 6/(-4) - (-23)/w?
0
Suppose 2*a + 2*a - 52 = -x, 208 = 4*x + 5*a. What is the tens digit of x?
5
Suppose 3*c + 0*c + 2*h = 6, -c - 4*h = 8. Suppose 0 = -4*p + r + 49, -r - 1 = -c. What is the units digit of p?
3
What is the units digit of (-3)/2 - (-35)/2?
6
Let b = 558 + -287. What is the tens digit of b?
7
Let o be (3 - 1)*(-7)/2. Let t(b) = -b. What is the units digit of t(o)